o + 28 = -4*o, -3*d + 5*o + 8 = 0. Let c = d + y. Let v(f) = f**3 + 5*f**2 - 2*f + 1. Calculate v(c).
11
Let v = 27 + -31. Let l(h) = -h + 2*h + 5 + 0*h. What is l(v)?
1
Let f(p) = 1 - 2 + 49*p + 2 - 3*p**2 - 51*p. Give f(-2).
-7
Suppose 10*c - 12*c = 0. Let g(b) = -7 + 17 + b + 4. What is g(c)?
14
Suppose 2*p = -4, -4*o - o - 12 = -4*p. Let v(x) = x - 1. Let c(t) = 4*t - 9. Let u(w) = c(w) - 6*v(w). Calculate u(o).
5
Let b = 141 + -142. Let f(d) = 3*d**2 + d. Determine f(b).
2
Let s = 17 + -9. Let n be (-4)/(-3)*12/s. Let z(y) = y + 1. What is z(n)?
3
Let z(d) = -d**2. Suppose -2*m = -5*m + 3. Determine z(m).
-1
Suppose -4*u + k = -21 + 9, u - 5*k = 3. Let r(d) = 3*d**2 + d + 2. Let w(o) = -o**2 - o - 1. Let c(t) = -2*r(t) - 5*w(t). Determine c(u).
1
Let u(b) = 4*b - 8*b + b + 6*b**2 + 4*b. Let i = -2 - -3. Calculate u(i).
7
Let j(d) = -d**2 - 5*d + 3. Let z be j(-5). Suppose -f = -2 - z. Let g(u) = -u + 3. Calculate g(f).
-2
Let n(v) = v**3 + 3*v**2 + 1. Let d(u) = -u + 5. Let c be d(0). Suppose -2*r = c + 5, -4*h - 5*r = 9. Let g = -7 + h. Give n(g).
1
Let h(j) = -j**3 + 9*j**2 + 2*j - 10. Let k be (6/(-8))/(3/(-36)). Give h(k).
8
Let y(f) = -7*f + 1. Let q(v) = v**2 - 14*v + 7. Let t(r) = 2*r**2 - 27*r + 13. Let k(s) = -11*q(s) + 6*t(s). Let c be k(8). Calculate y(c).
-6
Let n(o) be the second derivative of o**7/840 - o**6/240 + o**5/40 + o**4/4 - 3*o. Let r(a) be the third derivative of n(a). What is r(2)?
9
Suppose 3*y + 37 = -8. Let x = 13 + y. Let o(l) = l**3 + 2*l**2 - 2*l - 2. What is o(x)?
2
Let c(g) = -17*g - 14. Let v(k) = 6*k + 5. Let m(w) = -4*c(w) - 11*v(w). Calculate m(2).
5
Let p = -4 - -10. Let z(q) = 2*q - 5. Calculate z(p).
7
Let p = 17 + -12. Suppose -5*t - p*i - 41 = -i, 3*t + 7 = 2*i. Let o(u) = u**2 + 5*u - 1. Calculate o(t).
-1
Let q(w) = 21*w**3 - 9*w**2 - w - 2. Let i(x) = -11*x**3 + 5*x**2 + x + 1. Let z(v) = 5*i(v) + 3*q(v). What is z(1)?
7
Let h(w) = -8*w**3 + 15*w**2 - 14*w - 2. Let f(s) = -3*s**3 + 5*s**2 - 5*s - 1. Let j(k) = -11*f(k) + 4*h(k). Let r = -1 - 9. Let g = 5 + r. Calculate j(g).
8
Let f(r) = 4*r. Let l be f(1). Let k(c) = 20*c + c**2 - 11*c - 3 - 14*c. What is k(l)?
-7
Let g(i) = i**3 - 4*i**2 + i - 2. Let r be g(4). Suppose 3*s + r*z = -20, -3*s = z + 4*z + 23. Let b(q) = q**3 + 5*q**2 - 7*q + 3. Determine b(s).
9
Let a be 9/54 + 2/6. Let i(v) be the second derivative of 1/12*v**4 + 0 - 2*v + 0*v**2 + a*v**3. Determine i(-4).
4
Suppose 5*f = 5*g - 15, g - 18 = -3*g + 2*f. Let u(r) = r - r**2 - g*r + 4*r + 9*r**3. What is u(-1)?
-9
Let f(v) = 4*v**2 + 1. Let m = 142 + -141. Calculate f(m).
5
Let r(u) = 3*u - 19. Let k(y) = -5*y + 20. Let n(j) = -2*k(j) - 3*r(j). Calculate n(-8).
9
Let i = 17 - 22. Let p(q) = -q**3 - 6*q**2 - 5*q. Let k be p(i). Let u(f) = f**3 - f**2 + 9. Calculate u(k).
9
Suppose 4*n + 5*w - 93 = -11, -3*n - 3*w + 60 = 0. Suppose 7 = -4*g + 3, 3*g = 5*r - n. Let d(i) = -6*i + 4 - 6*i**2 - 3 + i - i**3 + r. What is d(-5)?
4
Let m(d) = -d**2 - 4*d + 5. Let r = 26 + -32. What is m(r)?
-7
Let v(i) be the third derivative of 0*i - 1/6*i**4 + 0*i**3 + 0 + 2*i**2. What is v(1)?
-4
Let b(k) be the third derivative of -k**5/60 - k**4/24 + 2*k**3 + 11*k**2. What is b(0)?
12
Suppose -3*k + 6 + 3 = 0. Suppose 2*z = -x - 2*z - 15, k*z + 10 = -x. Let f(q) = q**3 - 5*q**2 + 2*q - 5. Determine f(x).
5
Let c(x) = 2*x**3 - 7*x**2 + 7*x - 2. Let r(f) = 3*f**3 - 8*f**2 + 8*f - 3. Let o(m) = 4*c(m) - 3*r(m). Calculate o(-5).
6
Let n(l) = l**2 + 3*l + 1. Let f(v) = -2*v**2 + v. Let j be f(-1). Determine n(j).
1
Let m = 97/510 + -2/85. Let h(z) be the second derivative of 0*z**2 - m*z**4 + 1/20*z**5 + 0 - z + 1/2*z**3. What is h(2)?
6
Let y(s) be the first derivative of 5/2*s**2 + 0*s - 1. Let c = -3 - -2. Give y(c).
-5
Let n = -6 + 21. Let s(m) = -m - 15 + n. Give s(-1).
1
Suppose 1 = 5*y + 11. Let l = y + 8. Suppose 2*t + l - 1 = -q, -2*q + 6 = -4*t. Let r(b) = b**2 - b + 1. What is r(t)?
7
Let g(j) = j + 3 - 4 + 0*j**2 + j**3 + 0*j**2. Let u(x) = -8*x**3 + x**2 - x + 1. Let f(s) = 2*g(s) + u(s). What is f(1)?
-5
Let o be (-58)/(-18) + (-4)/18. Let y be -1*o/3 + -2. Let g(x) = x + 7. Determine g(y).
4
Suppose 0 = -2*v + 6, 5*v + 3 = 4*z - 2. Suppose -z*q - 2 = 3. Let n(b) = -9*b - 1. Determine n(q).
8
Let q(v) = v**3 + v**2 - v - 1. Let r(d) = -3*d**3 + 2*d**2 - 2*d - 4. Let f(a) = -3*q(a) + r(a). Determine f(1).
-7
Let o(r) be the first derivative of r**4/4 - r**3 + r + 2. Let q = 7 - 5. Determine o(q).
-3
Let v(d) = d**3 - d**2 + d + 1. Let z(k) = 3*k**3 + 2*k**2 + 5*k + 1. Let a(l) = 4*v(l) - z(l). What is a(6)?
-3
Let c = -4 + 6. Let q(o) = -14*o**3 + o + 13*o**3 - o + 2 + o**c. Give q(2).
-2
Suppose -2*d + 16 = 2*d. Let g(s) = 2*s - 5. Give g(d).
3
Suppose -2*c + 7 - 1 = 0, -17 = -2*f - 3*c. Let v(j) = j**2 - 4*j + 6. What is v(f)?
6
Let a(o) = -o**3 - 6*o**2 + 7*o - 5. Let j = 132 + -139. Determine a(j).
-5
Suppose 0 = -4*h + i + 4, 5*i - 30 = -5*h - 0*i. Let j(x) = -4*x - 2*x**2 + 3*x**3 - 3 + 0*x**2 - 2*x**3 - h*x**2. Determine j(5).
2
Let l(z) = z**2 + 5*z + 5. Let d = -8 + 15. Suppose -o - 5*v = 9, 17 = -3*o + 2*v - d*v. Give l(o).
1
Let h(d) = -4*d**2 + d. Suppose 3*j + 3*n + 4 = 8*j, -4 = -4*j + 2*n. Suppose 0*w = j*w - 2. Give h(w).
-3
Suppose 4*o = -0*o. Let w(t) = -t + t + t + o. Let b(p) = -p - 3. Let c(v) = -b(v) - 2*w(v). What is c(5)?
-2
Let l(r) = 251 - 2*r**3 + r**3 + 3*r - 4*r - 254. What is l(0)?
-3
Let y(x) = -9*x**3 - 17*x**2 - 2*x - 7. Let v(q) = 4*q**3 + 8*q**2 + q + 4. Let z(m) = 7*v(m) + 3*y(m). Calculate z(-5).
2
Let a be 5/(-2)*(-32)/(-20). Let b(o) = -5*o - 6. Calculate b(a).
14
Let w(d) = 0*d**3 + 4 + 2*d**2 + d**3 + 1 - 7*d**2. Determine w(4).
-11
Let p(u) be the first derivative of 6*u**2 + 6. Determine p(1).
12
Let f(z) be the third derivative of -z**3/6 - 3*z**2. Let o(m) = 2*m - 2. Let i(r) = -4*f(r) + o(r). Calculate i(-5).
-8
Suppose 5 = -2*q - 3. Let f(l) = -7*l - 11. Let d(x) = -4*x - 6. Let b = 3 + 0. Let j(k) = b*f(k) - 5*d(k). Calculate j(q).
1
Let v(r) be the first derivative of r**4/24 - r**2 - 10. Let w(y) be the second derivative of v(y). Give w(-3).
-3
Let v(n) = -n + 4. Let q = 0 - 0. Let i(y) = y**2 - y. Let a be i(q). Suppose -2*x + 6 = -a. Determine v(x).
1
Let v(n) = 5*n - 13. Let b = -7 + 16. Give v(b).
32
Let p(b) = -b**3 + 7*b**2 - 3*b - 7. Let z be (-2)/4 + 156/24. Determine p(z).
11
Let g = 44 + -43. Let s(t) = 9*t**2 + t. Calculate s(g).
10
Let k(i) = 17*i**2 - 2. Let c(d) = 25*d**2 - 3. Let j(m) = 5*c(m) - 7*k(m). Calculate j(-1).
5
Suppose u - 15 = 2*u. Let d = u - -7. Let g be (-4)/d - (-2)/4. Let k(l) = -3*l - 1. Calculate k(g).
-4
Let o(q) = 1 + 1 + q - 2*q. Let j be 5/(25/10) + -2. Give o(j).
2
Let g(r) = -3*r + 98*r**2 + 99*r**2 - 198*r**2. Let d be -2 + (-1 - (0 + 1)). Determine g(d).
-4
Let r = 4 - 1. Let a be (r/(-3))/(1/(-3)). Suppose 2*t - 4 = a*t. Let h(c) = -c**2 - 5*c + 3. Determine h(t).
7
Let q be (-10)/(-6) + (-1)/(-3). Let r(a) = -2*a**2 + 3*a**2 + 4*a**3 + a**q - 2*a**3 + 2. Determine r(-2).
-6
Let f(v) = -2*v**3 - 11*v**2 + 23*v - 6. Let p(r) = -r**3 - 5*r**2 + 11*r - 3. Let l(i) = -6*f(i) + 13*p(i). Let m = 2 - -1. Determine l(m).
-6
Suppose -3*p + 0*q + 10 = -2*q, 0 = -3*q - 15. Let n(j) = -j + 6. Calculate n(p).
6
Suppose -5*h + 3*p + 139 = 53, -5*h - 5*p = -110. Let b = -16 + h. Let f(y) = -y**2 - 2*y + 2. Give f(b).
-13
Let p(z) = -1 + 0*z**2 - 3*z - 2*z**2 - 2*z**2 + 2*z**2. Give p(-3).
-10
Let b be 3/(-2) + 27/6. Let f(s) = -s**2 - 5*s - 6. Let h(u) = -u**2 - 5*u - 5. Let c(x) = b*f(x) - 4*h(x). Let l be c(-3). Let v(y) = 2*y - 1. Determine v(l).
-9
Let y(a) = 1 + 6 - 8*a**3 + 8*a**3 + a**3 - 6*a**2. Determine y(6).
7
Let a(o) be the third derivative of -1/60*o**5 + 1/8*o**4 + 0*o**3 + 0 + 0*o + 1/240*o**6 + 2*o**2. Let r(h) be the second derivative of a(h). Give r(4).
10
Let z(a) = -18*a - 14. Let r(p) = -p - 1. Let i(h) = 12*r(h) - z(h). Give i(2).
14
Let c be -1*(-4)/(-2) + 7. Let y(r) = 8 + 2*r**2 - 4 - 6*r + r**3 - c. Calculate y(-4).
-9
Let t(u) = 6*u + 3*u**2 - 5 - u**3 - 2*u**2 - 5*u**2. Calculate t(-5).
-10
Let m(k) be the second derivative of k**4/2 + k**3/2 + 3*k**2/2 - 17*k - 1. Determine m(-2).
21
Let y be ((-20)/6)/(20/30). Let j(d) = d**2 + 5*d - 3. What is j(y)?
-3
Let r(o) = -6 - o**3 + 1 + 5